{"id":7018940,"date":"2020-03-09T16:56:10","date_gmt":"2020-03-09T16:56:10","guid":{"rendered":"https:\/\/www.homyspace.com\/blog\/?page_id=7018940"},"modified":"2025-05-19T16:41:16","modified_gmt":"2025-05-19T14:41:16","slug":"politica-de-cookies","status":"publish","type":"page","link":"https:\/\/www.homyspace.com\/blog\/politica-de-cookies\/","title":{"rendered":"Politica de cookies"},"content":{"rendered":"<h5><span style=\"color: #ff9900;\">Publicado:\u00a0<time class=\"entry-date published\" datetime=\"2016-08-08T14:08:09+00:00\">8 agosto, 2016<\/time> \/ Modificado: 19 de mayo, 2025<\/span><\/h5>\n<h2>\u00bfQu\u00e9 es una cookie?<\/h2>\n<p>Una\u00a0cookie\u00a0es un fichero de texto\u00a0inofensivo\u00a0que se almacena en su navegador cuando visita casi cualquier p\u00e1gina web. La utilidad de la\u00a0cookie\u00a0es que la web sea capaz de recordar su visita cuando vuelva a navegar por esa p\u00e1gina. Aunque mucha gente no lo sabe las\u00a0cookies\u00a0se llevan utilizando desde hace 20 a\u00f1os, cuando aparecieron los primeros navegadores para la World Wide Web.<\/p>\n<h2>\u00bfQu\u00e9 no es una cookie?<\/h2>\n<p>No es un virus, ni un troyano, ni un gusano, ni spam, ni spyware, ni abre ventanas pop-up.<\/p>\n<h2>\u00bfQu\u00e9 informaci\u00f3n almacena una cookie?<\/h2>\n<p>Las\u00a0cookies\u00a0no suelen almacenar informaci\u00f3n sensible sobre usted, como tarjetas de cr\u00e9dito o datos bancarios, fotograf\u00edas, su DNI o informaci\u00f3n personal, etc. Los datos que guardan son de car\u00e1cter t\u00e9cnico, preferencias personales, personalizaci\u00f3n de contenidos, etc.<br \/>\nEl servidor web no le asocia a usted como persona si no a su navegador web. De hecho, si usted navega habitualmente con Internet Explorer y prueba a navegar por la misma web con Firefox o Chrome ver\u00e1 que la web no se da cuenta que es usted la misma persona porque en realidad est\u00e1 asociando al navegador, no a la persona.<\/p>\n<h2>\u00bfQu\u00e9 tipo de cookies existen?<\/h2>\n<ul>\n<li>Cookies t\u00e9cnicas: son las m\u00e1s elementales y permiten, entre otras cosas, saber cu\u00e1ndo est\u00e1 navegando un humano o una aplicaci\u00f3n automatizada, cu\u00e1ndo navega un usuario an\u00f3nimo y uno registrado, tareas b\u00e1sicas para el funcionamiento de cualquier web din\u00e1mica.<\/li>\n<li>Cookies de an\u00e1lisis: recogen informaci\u00f3n sobre el tipo de navegaci\u00f3n que est\u00e1 realizando, las secciones que m\u00e1s utiliza, productos consultados, franja horaria de uso, idioma, etc.<\/li>\n<li>Cookies publicitarias: muestran publicidad en funci\u00f3n de su navegaci\u00f3n, su pa\u00eds de procedencia, idioma, etc.<\/li>\n<\/ul>\n<h2>\u00bfQu\u00e9 cookies recoge nuestra web?<\/h2>\n<p><span style=\"font-weight: 400;\">Lo m\u00e1s habitual es que una p\u00e1gina web despliegue cookies t\u00e9cnicas\/funcionales y de preferencias\/personalizaci\u00f3n, porque son las que permiten que la p\u00e1gina funcione correctamente y te facilite una buena experiencia de usuario.<\/span><\/p>\n<p><span style=\"font-weight: 400;\">Tambi\u00e9n es habitual que se intenten activar cookies anal\u00edticas: En ellas, el usuario acepta el uso de cookies y seguimientos de IPs. Un analizador de tr\u00e1fico del sitio web utiliza cookies y seguimientos de IPs que permite recoger datos a efectos estad\u00edsticos como: fecha de la primera visita, n\u00famero de veces que se ha visitado, fecha de la \u00faltima visita, URL y dominio de la que proviene, explorador utilizado y resoluci\u00f3n de la pantalla.<\/span><\/p>\n<p><span style=\"font-weight: 400;\">Las cookies publicitarias son aquellas que se suelen activar a trav\u00e9s de herramientas de terceros (banners, pop-ups, anuncios, redes sociales, etc)<\/span><\/p>\n<p><span style=\"font-weight: 400;\">A continuaci\u00f3n, os ofrecemos un listado de las cookies generadas por https:\/\/homyspace.com de modo que puedas comprobar qu\u00e9 cookies se pueden activar por defecto porque son necesarias y cu\u00e1les requieren de tu aceptaci\u00f3n: En nuestro caso, adem\u00e1s de las cookies generadas por https:\/\/homyspace.com pueden existir cookies de terceros, generadas por el propio navegador, sistema operativo, herramientas de seguimiento de tr\u00e1fico, etc.<\/span><\/p>\n<h3><span style=\"font-weight: 400;\">Cookies estrictamente necesarias<\/span><\/h3>\n<table>\n<tbody>\n<tr>\n<td><b>Nombre<\/b><\/td>\n<td><b>Dominio<\/b><\/td>\n<td><b>Descripci\u00f3n<\/b><\/td>\n<td><b>Duraci\u00f3n<\/b><\/td>\n<\/tr>\n<tr>\n<td><span style=\"font-weight: 400;\">device_view<\/span><\/td>\n<td><span style=\"font-weight: 400;\">homyspace.com<\/span><\/td>\n<td><span style=\"font-weight: 400;\">Cookie utilizada para recordar la vista de dispositivo preferida (m\u00f3vil\/escritorio).<\/span><\/td>\n<td><span style=\"font-weight: 400;\">1 mes<\/span><\/td>\n<\/tr>\n<\/tbody>\n<\/table>\n<h3><span style=\"font-weight: 400;\">Cookies de preferencias<\/span><\/h3>\n<table>\n<tbody>\n<tr>\n<td><b>Nombre<\/b><\/td>\n<td><b>Dominio<\/b><\/td>\n<td><b>Descripci\u00f3n<\/b><\/td>\n<td><b>Duraci\u00f3n<\/b><\/td>\n<\/tr>\n<tr>\n<td><span style=\"font-weight: 400;\">_gid<\/span><\/td>\n<td><span style=\"font-weight: 400;\">homyspace.com<\/span><\/td>\n<td><span style=\"font-weight: 400;\">Cookie de Google Analytics utilizada para distinguir usuarios.<\/span><\/td>\n<td><span style=\"font-weight: 400;\">24 horas<\/span><\/td>\n<\/tr>\n<tr>\n<td><span style=\"font-weight: 400;\">tk_ai<\/span><\/td>\n<td><span style=\"font-weight: 400;\">homyspace.com<\/span><\/td>\n<td><span style=\"font-weight: 400;\">Cookie de Jetpack\/WordPress utilizada para an\u00e1lisis.<\/span><\/td>\n<td><span style=\"font-weight: 400;\">1 a\u00f1o<\/span><\/td>\n<\/tr>\n<tr>\n<td><span style=\"font-weight: 400;\">PHPSESSID<\/span><\/td>\n<td><span style=\"font-weight: 400;\">homyspace.com<\/span><\/td>\n<td><span style=\"font-weight: 400;\">Cookie de sesi\u00f3n utilizada para mantener el estado de la sesi\u00f3n del usuario.<\/span><\/td>\n<td><span style=\"font-weight: 400;\">Sesi\u00f3n<\/span><\/td>\n<\/tr>\n<tr>\n<td><span style=\"font-weight: 400;\">AEC<\/span><\/td>\n<td><span style=\"font-weight: 400;\">google.es<\/span><\/td>\n<td><span style=\"font-weight: 400;\">AEC cookies ensure that requests within a browsing session are made by the user, and not by other sites. These cookies prevent malicious sites from acting on behalf of a user without that user\u2019s knowledge.<\/span><\/td>\n<td><span style=\"font-weight: 400;\">1 mes<\/span><\/td>\n<\/tr>\n<\/tbody>\n<\/table>\n<h3><span style=\"font-weight: 400;\">Cookies de an\u00e1lisis y rendimiento<\/span><\/h3>\n<table>\n<tbody>\n<tr>\n<td><b>Nombre<\/b><\/td>\n<td><b>Dominio<\/b><\/td>\n<td><b>Descripci\u00f3n<\/b><\/td>\n<td><b>Duraci\u00f3n<\/b><\/td>\n<\/tr>\n<tr>\n<td><span style=\"font-weight: 400;\">_gat<\/span><\/td>\n<td><span style=\"font-weight: 400;\">homyspace.com<\/span><\/td>\n<td><span style=\"font-weight: 400;\">Cookie de Google Analytics utilizada para limitar la tasa de solicitudes.<\/span><\/td>\n<td><span style=\"font-weight: 400;\">1 minuto<\/span><\/td>\n<\/tr>\n<tr>\n<td><span style=\"font-weight: 400;\">_ga_0NLKY8JS03<\/span><\/td>\n<td><span style=\"font-weight: 400;\">homyspace.com<\/span><\/td>\n<td><span style=\"font-weight: 400;\">ID used to identify users<\/span><\/td>\n<td><span style=\"font-weight: 400;\">1 a\u00f1o<\/span><\/td>\n<\/tr>\n<tr>\n<td><span style=\"font-weight: 400;\">CLID<\/span><\/td>\n<td><span style=\"font-weight: 400;\">clarity.ms<\/span><\/td>\n<td><span style=\"font-weight: 400;\">The cookie is set by embedded Microsoft Clarity scripts. The purpose of this cookie is for heatmap and session recording.<\/span><\/td>\n<td><span style=\"font-weight: 400;\">1 mes<\/span><\/td>\n<\/tr>\n<\/tbody>\n<\/table>\n<h3><span style=\"font-weight: 400;\">Cookies de marketing<\/span><\/h3>\n<table>\n<tbody>\n<tr>\n<td><b>Nombre<\/b><\/td>\n<td><b>Dominio<\/b><\/td>\n<td><b>Descripci\u00f3n<\/b><\/td>\n<td><b>Duraci\u00f3n<\/b><\/td>\n<\/tr>\n<tr>\n<td><span style=\"font-weight: 400;\">_fbp<\/span><\/td>\n<td><span style=\"font-weight: 400;\">homyspace.com<\/span><\/td>\n<td><span style=\"font-weight: 400;\">Cookie de Facebook Pixel utilizada para seguimiento publicitario.<\/span><\/td>\n<td><span style=\"font-weight: 400;\">3 meses<\/span><\/td>\n<\/tr>\n<tr>\n<td><span style=\"font-weight: 400;\">fr<\/span><\/td>\n<td><span style=\"font-weight: 400;\">facebook.com<\/span><\/td>\n<td><span style=\"font-weight: 400;\">Cookie de Facebook utilizada para publicidad.<\/span><\/td>\n<td><span style=\"font-weight: 400;\">3 meses<\/span><\/td>\n<\/tr>\n<tr>\n<td><span style=\"font-weight: 400;\">tk_lr<\/span><\/td>\n<td><span style=\"font-weight: 400;\">homyspace.com<\/span><\/td>\n<td><span style=\"font-weight: 400;\">Cookie de Jetpack\/WordPress utilizada para an\u00e1lisis.<\/span><\/td>\n<td><span style=\"font-weight: 400;\">1 a\u00f1o<\/span><\/td>\n<\/tr>\n<tr>\n<td><span style=\"font-weight: 400;\">tk_or<\/span><\/td>\n<td><span style=\"font-weight: 400;\">homyspace.com<\/span><\/td>\n<td><span style=\"font-weight: 400;\">Cookie de Jetpack\/WordPress utilizada para an\u00e1lisis.<\/span><\/td>\n<td><span style=\"font-weight: 400;\">1 a\u00f1o<\/span><\/td>\n<\/tr>\n<tr>\n<td><span style=\"font-weight: 400;\">__Secure-1PAPISID<\/span><\/td>\n<td><span style=\"font-weight: 400;\">google.es<\/span><\/td>\n<td><span style=\"font-weight: 400;\">Targeting cookie. Used to create a user profile and display relevant and personalised Google Ads to the user.<\/span><\/td>\n<td><span style=\"font-weight: 400;\">1 a\u00f1o<\/span><\/td>\n<\/tr>\n<tr>\n<td><span style=\"font-weight: 400;\">__Secure-1PSID<\/span><\/td>\n<td><span style=\"font-weight: 400;\">google.es<\/span><\/td>\n<td><span style=\"font-weight: 400;\">Targeting cookie. Used to create a user profile and display relevant and personalised Google Ads to the user.<\/span><\/td>\n<td><span style=\"font-weight: 400;\">1 a\u00f1o<\/span><\/td>\n<\/tr>\n<tr>\n<td><span style=\"font-weight: 400;\">__Secure-3PAPISID<\/span><\/td>\n<td><span style=\"font-weight: 400;\">google.es<\/span><\/td>\n<td><span style=\"font-weight: 400;\">Profiles the interests of website visitors to serve relevant and personalised ads through retargeting.<\/span><\/td>\n<td><span style=\"font-weight: 400;\">1 a\u00f1o<\/span><\/td>\n<\/tr>\n<tr>\n<td><span style=\"font-weight: 400;\">__Secure-3PSID<\/span><\/td>\n<td><span style=\"font-weight: 400;\">google.es<\/span><\/td>\n<td><span style=\"font-weight: 400;\">Targeting cookie. Used to profile the interests of website visitors and display relevant and personalised Google ads.<\/span><\/td>\n<td><span style=\"font-weight: 400;\">1 a\u00f1o<\/span><\/td>\n<\/tr>\n<tr>\n<td><span style=\"font-weight: 400;\">_gcl_au<\/span><\/td>\n<td><span style=\"font-weight: 400;\">homyspace.com<\/span><\/td>\n<td><span style=\"font-weight: 400;\">Used by Google AdSense for experimenting with advertisement efficiency across websites using their services. Google.<\/span><\/td>\n<td><span style=\"font-weight: 400;\">1 mes<\/span><\/td>\n<\/tr>\n<tr>\n<td><span style=\"font-weight: 400;\">_gcl_aw<\/span><\/td>\n<td><span style=\"font-weight: 400;\">homyspace.com<\/span><\/td>\n<td><span style=\"font-weight: 400;\">Google uses cookies for advertising, including serving and rendering ads, personalizing ads (depending on your ad settings at g.co\/adsettings), limiting the number of times an ad is shown to a user, muting ads you have chosen to stop seeing, and measuring the effectiveness of ads.<\/span><\/td>\n<td><span style=\"font-weight: 400;\">1 mes<\/span><\/td>\n<\/tr>\n<tr>\n<td><span style=\"font-weight: 400;\">APISID<\/span><\/td>\n<td><span style=\"font-weight: 400;\">google.es<\/span><\/td>\n<td><span style=\"font-weight: 400;\">Download certain Google Tools and save certain preferences, for example the number of search results per page or activation of the SafeSearch Filter. Adjusts the ads that appear in Google Search.<\/span><\/td>\n<td><span style=\"font-weight: 400;\">1 a\u00f1o<\/span><\/td>\n<\/tr>\n<tr>\n<td><span style=\"font-weight: 400;\">ar_debug<\/span><\/td>\n<td><span style=\"font-weight: 400;\">doubleclick.net<\/span><\/td>\n<td><span style=\"font-weight: 400;\">Store and track conversions<\/span><\/td>\n<td><span style=\"font-weight: 400;\">1 semana<\/span><\/td>\n<\/tr>\n<tr>\n<td><span style=\"font-weight: 400;\">DSID<\/span><\/td>\n<td><span style=\"font-weight: 400;\">doubleclick.net<\/span><\/td>\n<td><span style=\"font-weight: 400;\">This cookie is used for targeting, analyzing and optimisation of ad campaigns in DoubleClick\/Google Marketing Suite<\/span><\/td>\n<td><span style=\"font-weight: 400;\">1 d\u00eda<\/span><\/td>\n<\/tr>\n<tr>\n<td><span style=\"font-weight: 400;\">HSID<\/span><\/td>\n<td><span style=\"font-weight: 400;\">google.es<\/span><\/td>\n<td><span style=\"font-weight: 400;\">Download certain Google Tools and save certain preferences, for example the number of search results per page or activation of the SafeSearch Filter. Adjusts the ads that appear in Google Search.<\/span><\/td>\n<td><span style=\"font-weight: 400;\">1 a\u00f1o<\/span><\/td>\n<\/tr>\n<tr>\n<td><span style=\"font-weight: 400;\">IDE<\/span><\/td>\n<td><span style=\"font-weight: 400;\">doubleclick.net<\/span><\/td>\n<td><span style=\"font-weight: 400;\">This cookie is used for targeting, analyzing and optimisation of ad campaigns in DoubleClick\/Google Marketing Suite<\/span><\/td>\n<td><span style=\"font-weight: 400;\">1 mes<\/span><\/td>\n<\/tr>\n<tr>\n<td><span style=\"font-weight: 400;\">MUID<\/span><\/td>\n<td><span style=\"font-weight: 400;\">bing.com<\/span><\/td>\n<td><span style=\"font-weight: 400;\">Identifies unique web browsers visiting Microsoft sites. These cookies are used for advertising, site analytics, and other operational purposes.<\/span><\/td>\n<td><span style=\"font-weight: 400;\">1 a\u00f1o<\/span><\/td>\n<\/tr>\n<tr>\n<td><span style=\"font-weight: 400;\">NID<\/span><\/td>\n<td><span style=\"font-weight: 400;\">google.es<\/span><\/td>\n<td><span style=\"font-weight: 400;\">This cookies is used to collect website statistics and track conversion rates and Google ad personalisation<\/span><\/td>\n<td><span style=\"font-weight: 400;\">1 mes<\/span><\/td>\n<\/tr>\n<tr>\n<td><span style=\"font-weight: 400;\">SAPISID<\/span><\/td>\n<td><span style=\"font-weight: 400;\">google.es<\/span><\/td>\n<td><span style=\"font-weight: 400;\">Download certain Google Tools and save certain preferences, for example the number of search results per page or activation of the SafeSearch Filter. Adjusts the ads that appear in Google Search.<\/span><\/td>\n<td><span style=\"font-weight: 400;\">1 a\u00f1o<\/span><\/td>\n<\/tr>\n<tr>\n<td><span style=\"font-weight: 400;\">SID<\/span><\/td>\n<td><span style=\"font-weight: 400;\">google.es<\/span><\/td>\n<td><span style=\"font-weight: 400;\">Download certain Google Tools and save certain preferences, for example the number of search results per page or activation of the SafeSearch Filter. Adjusts the ads that appear in Google Search.<\/span><\/td>\n<td><span style=\"font-weight: 400;\">1 a\u00f1o<\/span><\/td>\n<\/tr>\n<tr>\n<td><span style=\"font-weight: 400;\">SSID<\/span><\/td>\n<td><span style=\"font-weight: 400;\">google.es<\/span><\/td>\n<td><span style=\"font-weight: 400;\">Download certain Google Tools and save certain preferences, for example the number of search results per page or activation of the SafeSearch Filter. Adjusts the ads that appear in Google Search.<\/span><\/td>\n<td><span style=\"font-weight: 400;\">1 a\u00f1o<\/span><\/td>\n<\/tr>\n<\/tbody>\n<\/table>\n<h3><span style=\"font-weight: 400;\">Otras cookies<\/span><\/h3>\n<table>\n<tbody>\n<tr>\n<td><b>Nombre<\/b><\/td>\n<td><b>Dominio<\/b><\/td>\n<td><b>Descripci\u00f3n<\/b><\/td>\n<td><b>Duraci\u00f3n<\/b><\/td>\n<\/tr>\n<tr>\n<td><span style=\"font-weight: 400;\">_homyspace_session<\/span><\/td>\n<td><\/td>\n<td><span style=\"font-weight: 400;\">&#8212;-<\/span><\/td>\n<td><span style=\"font-weight: 400;\">Sesi\u00f3n<\/span><\/td>\n<\/tr>\n<tr>\n<td><span style=\"font-weight: 400;\">__Secure-ENID<\/span><\/td>\n<td><span style=\"font-weight: 400;\">google.es<\/span><\/td>\n<td><span style=\"font-weight: 400;\">&#8212;-<\/span><\/td>\n<td><span style=\"font-weight: 400;\">1 mes<\/span><\/td>\n<\/tr>\n<tr>\n<td><span style=\"font-weight: 400;\">_gcl_gs<\/span><\/td>\n<td><span style=\"font-weight: 400;\">homyspace.com<\/span><\/td>\n<td><span style=\"font-weight: 400;\">&#8212;-<\/span><\/td>\n<td><span style=\"font-weight: 400;\">1 mes<\/span><\/td>\n<\/tr>\n<tr>\n<td><span style=\"font-weight: 400;\">_homyspace_session<\/span><\/td>\n<td><span style=\"font-weight: 400;\">homyspace.com<\/span><\/td>\n<td><span style=\"font-weight: 400;\">&#8212;-<\/span><\/td>\n<td><span style=\"font-weight: 400;\">Sesi\u00f3n<\/span><\/td>\n<\/tr>\n<tr>\n<td><span style=\"font-weight: 400;\">TOptOut<\/span><\/td>\n<td><span style=\"font-weight: 400;\">clarity.ms<\/span><\/td>\n<td><span style=\"font-weight: 400;\">&#8212;-<\/span><\/td>\n<td><span style=\"font-weight: 400;\">1 mes<\/span><\/td>\n<\/tr>\n<\/tbody>\n<\/table>\n<h2>\u00bfQu\u00e9 ocurre si desactivo las cookies?<\/h2>\n<p>Para que entienda el alcance que puede tener desactivar las\u00a0cookies\u00a0le mostramos unos ejemplos:<br \/>\nEl sitio web no podr\u00e1 adaptar los contenidos a sus preferencias personales.<br \/>\nNo podr\u00e1s iniciar sesi\u00f3n con tu cuenta de Facebook o Google.<br \/>\nEl sitio web no podr\u00e1 realizar anal\u00edticas web sobre visitantes y tr\u00e1fico en la web para mejorar la experiencia de navegaci\u00f3n.<br \/>\nLa web no podr\u00e1 saber si usted es un humano o una aplicaci\u00f3n automatizada que publica\u00a0spam.<br \/>\nTodas las redes sociales usan\u00a0cookies, si las desactiva no podr\u00e1 utilizar ninguna red social.<\/p>\n<h2>\u00bfSe pueden eliminar las cookies?<\/h2>\n<p>S\u00ed. No s\u00f3lo eliminar, tambi\u00e9n bloquear, de forma general o particular para un dominio espec\u00edfico.<br \/>\nPara eliminar las\u00a0cookies\u00a0de un sitio web debe ir a la configuraci\u00f3n de su navegador y all\u00ed podr\u00e1 buscar las asociadas al dominio en cuesti\u00f3n y proceder a su eliminaci\u00f3n.<\/p>\n<h2>Configuraci\u00f3n de cookies para los navegadores m\u00e1s populares:<\/h2>\n<p>A continuaci\u00f3n le indicamos c\u00f3mo acceder a una\u00a0cookie\u00a0determinada del navegador\u00a0<strong>Chrome<\/strong>.<br \/>\nNota: estos pasos pueden variar en funci\u00f3n de la versi\u00f3n del navegador:<br \/>\nI. Vaya a Configuraci\u00f3n o Preferencias mediante el men\u00fa Archivo o bien pinchando el icono de personalizaci\u00f3n que aparece arriba a la derecha.<br \/>\nII. Ver\u00e1 diferentes secciones, pinche la opci\u00f3n\u00a0Mostrar opciones avanzadas.<br \/>\nIII. Vaya a\u00a0Privacidad,\u00a0Configuraci\u00f3n de contenido.<br \/>\nIV. Seleccione\u00a0Todas las\u00a0cookies\u00a0y los datos de sitios.<br \/>\nV. Aparecer\u00e1 un listado con todas las\u00a0cookies\u00a0ordenadas por dominio. Para que le sea m\u00e1s f\u00e1cil encontrar las\u00a0cookiesde un determinado dominio introduzca parcial o totalmente la direcci\u00f3n en el campo\u00a0Buscar cookies.<br \/>\nVI. Tras realizar este filtro aparecer\u00e1n en pantalla una o varias l\u00edneas con las\u00a0cookies\u00a0de la web solicitada. Ahora s\u00f3lo tiene que seleccionarla y pulsar la\u00a0X\u00a0para proceder a su eliminaci\u00f3n.<\/p>\n<p>Para acceder a la configuraci\u00f3n de\u00a0cookies\u00a0del navegador<strong>\u00a0Internet Explorer\u00a0<\/strong>siga estos pasos (pueden variar en funci\u00f3n de la versi\u00f3n del navegador):<br \/>\nI. Vaya a\u00a0Herramientas,\u00a0Opciones de Internet<br \/>\nII. Haga click en\u00a0Privacidad.<br \/>\nIII. Mueva el deslizador hasta ajustar el nivel de privacidad que desee.<\/p>\n<p>Para acceder a la configuraci\u00f3n de cookies del navegador <strong>Firefox<\/strong>\u00a0siga estos pasos (pueden variar en funci\u00f3n de la versi\u00f3n del navegador):<br \/>\nI. Vaya a\u00a0Opciones\u00a0o\u00a0Preferencias\u00a0seg\u00fan su sistema operativo.<br \/>\nII. Haga click en\u00a0Privacidad.<br \/>\nIII. En\u00a0Historial\u00a0elija\u00a0Usar una configuraci\u00f3n personalizada para el historial.<br \/>\nIV. Ahora ver\u00e1 la opci\u00f3n\u00a0Aceptar cookies, puede activarla o desactivarla seg\u00fan sus preferencias.<\/p>\n<p>Para acceder a la configuraci\u00f3n de\u00a0cookies\u00a0del navegador\u00a0<strong>Safari para OSX\u00a0<\/strong>siga estos pasos (pueden variar en funci\u00f3n de la versi\u00f3n del navegador):<br \/>\nI. Vaya a\u00a0Preferencias, luego\u00a0Privacidad.<br \/>\nII. En este lugar ver\u00e1 la opci\u00f3n\u00a0Bloquear cookies\u00a0para que ajuste el tipo de bloqueo que desea realizar.<br \/>\nPara acceder a la configuraci\u00f3n de\u00a0cookies\u00a0del navegador\u00a0<strong>Safari para iOS\u00a0<\/strong>siga estos pasos (pueden variar en funci\u00f3n de la versi\u00f3n del navegador):<br \/>\nI. Vaya a\u00a0Ajustes, luego\u00a0Safari.<br \/>\nII. Vaya a\u00a0Privacidad y Seguridad, ver\u00e1 la opci\u00f3n\u00a0Bloquear cookies\u00a0para que ajuste el tipo de bloqueo que desea realizar.<\/p>\n<p>Para acceder a la configuraci\u00f3n de\u00a0cookies\u00a0del navegador para dispositivos\u00a0<strong>Android<\/strong>\u00a0siga estos pasos (pueden variar en funci\u00f3n de la versi\u00f3n del navegador):<br \/>\nI. Ejecute el navegador y pulse la tecla\u00a0Men\u00fa, luego\u00a0Ajustes.<br \/>\nII. Vaya a\u00a0Seguridad y Privacidad, ver\u00e1 la opci\u00f3n\u00a0Aceptar cookies\u00a0para que active o desactive la casilla.<\/p>\n<p>Para acceder a la configuraci\u00f3n de\u00a0cookies\u00a0del navegador para dispositivos<strong>\u00a0Windows Phone\u00a0<\/strong>siga estos pasos (pueden variar en funci\u00f3n de la versi\u00f3n del navegador):<br \/>\nI. Abra\u00a0Internet Explorer, luego\u00a0M\u00e1s, luego\u00a0Configuraci\u00f3n<br \/>\nII. Ahora puede activar o desactivar la casilla\u00a0Permitir cookies<\/p>\n","protected":false},"excerpt":{"rendered":"<p>Publicado:\u00a08 agosto, 2016 \/ Modificado: 19 de mayo, 2025 \u00bfQu\u00e9 es una cookie? Una\u00a0cookie\u00a0es un fichero de texto\u00a0inofensivo\u00a0que se almacena&#8230;<\/p>\n","protected":false},"author":1,"featured_media":0,"parent":0,"menu_order":0,"comment_status":"closed","ping_status":"closed","template":"","meta":{"footnotes":""},"class_list":["post-7018940","page","type-page","status-publish"],"_links":{"self":[{"href":"https:\/\/www.homyspace.com\/blog\/wp-json\/wp\/v2\/pages\/7018940","targetHints":{"allow":["GET"]}}],"collection":[{"href":"https:\/\/www.homyspace.com\/blog\/wp-json\/wp\/v2\/pages"}],"about":[{"href":"https:\/\/www.homyspace.com\/blog\/wp-json\/wp\/v2\/types\/page"}],"author":[{"embeddable":true,"href":"https:\/\/www.homyspace.com\/blog\/wp-json\/wp\/v2\/users\/1"}],"replies":[{"embeddable":true,"href":"https:\/\/www.homyspace.com\/blog\/wp-json\/wp\/v2\/comments?post=7018940"}],"version-history":[{"count":0,"href":"https:\/\/www.homyspace.com\/blog\/wp-json\/wp\/v2\/pages\/7018940\/revisions"}],"wp:attachment":[{"href":"https:\/\/www.homyspace.com\/blog\/wp-json\/wp\/v2\/media?parent=7018940"}],"curies":[{"name":"wp","href":"https:\/\/api.w.org\/{rel}","templated":true}]}}